rmine c(-2).
4
Let d(b) = 3*b**2 + 1. Suppose -2 = 9*r - 7*r. Give d(r).
4
Let s(r) be the third derivative of -5*r**2 + 0 + 1/6*r**3 - 1/24*r**4 + 0*r. What is s(-7)?
8
Suppose -3*h + 8 = -106. Suppose -4*k - 14 = -g, -3*g - h = -0*g + 4*k. Let l(o) = -o**3 - 6*o**2 + 5. Calculate l(g).
5
Let j(a) = a**3 - 3*a + 2. Let s be j(2). Suppose 0 = -0*g + g - s. Suppose -5*q - 2 = -g*q. Let m(h) = 3*h. What is m(q)?
-6
Let q(x) = -11*x**2 + 2*x - 9. Let y(w) = 5*w**2 - w + 4. Let p(r) = 2*q(r) + 5*y(r). Let g = -6 - -8. Determine p(g).
12
Let f(h) be the first derivative of 11 - 1/4*h**4 + 0*h**2 + 6*h + 0*h**3. Let z be (0/(-2))/(0 - 1). What is f(z)?
6
Let w(s) = -2*s + 9. Let z be w(6). Let c(x) = 0 + x**3 - 2*x + x**2 + 3 + 0*x**3. Give c(z).
-9
Let r(s) = -5*s**2 - 7*s + 9. Let g(q) be the first derivative of q**3/3 + q**2/2 + 9. Let v(n) = -6*g(n) - r(n). What is v(0)?
-9
Let u(l) = 16*l + 1 + 2*l - 12*l. Calculate u(1).
7
Suppose -4*u + 3 = -1. Let l(q) = -3*q**3 + q**2 - q + 1. What is l(u)?
-2
Suppose -10 = 8*o - 34. Let s(z) = -z**3 + 2*z**2 - 5*z + 3. What is s(o)?
-21
Let t(w) = 2*w - 3. Let m(l) = 2*l**2 - 2*l - 1. Let h be m(2). Let k(r) = 2*r. Let p(u) = -3*u. Let x(n) = h*p(n) + 5*k(n). Let f be x(-4). Calculate t(f).
-11
Let k(p) be the second derivative of -1/6*p**3 + 0 + 4*p**2 + 2*p. Let t be (1*-6)/3 - -6. Determine k(t).
4
Let p(r) = 2*r + 15. Let j be p(-9). Let y(k) = k + 1. Calculate y(j).
-2
Suppose -4*g = -2*f + f - 39, 0 = 3*g + 3*f - 18. Suppose -2*x - g = 5*a, -2*x = -2*a - 0*x + 2. Let k(n) = -7*n**3 + n**2 - n - 1. Determine k(a).
8
Let t(f) = f + 11. Let a be t(-10). Let v = 1 + 2. Let n(i) = 6*i**2 - 1 - 3*i**2 + v*i**2. Calculate n(a).
5
Let k(l) = -4*l - 6. Let r be k(-4). Suppose 2*t - r = -0. Let a(i) be the second derivative of i**3/6 - 5*i**2/2 + i. Determine a(t).
0
Let j(d) be the third derivative of -d**4/12 + 2*d**3/3 - 4*d**2. Let b(f) = -3*f - 1. Let v be b(1). Let h = 7 + v. Give j(h).
-2
Let y be -3 - (1 - 2 - -2). Let x = y + 1. Let b(z) be the first derivative of z**3/3 - 3*z - 2. Determine b(x).
6
Let f(t) = -t**2 + 10*t + 8. Let j be (-12)/54 + (-202)/(-18). Give f(j).
-3
Suppose 8 = -3*o + 32. Suppose -3*h + 7 = -o. Let m(a) = 5*a + 6. Let q(s) = 9*s + 12. Let g(d) = -11*m(d) + 6*q(d). What is g(h)?
1
Let v(h) be the third derivative of -h**6/120 - h**5/10 + h**4/12 - h**3/6 + h**2. Let a = -361 + 355. Calculate v(a).
-13
Let t(p) be the first derivative of -p**2/2 - 9*p + 1. Let s(z) = -z**3 + 14*z**2 - z + 14. Let d be s(14). Give t(d).
-9
Let i(x) be the third derivative of -x**9/60480 + x**8/6720 + x**7/5040 + x**6/720 + x**5/60 + 2*x**2. Let a(y) be the third derivative of i(y). Calculate a(3).
4
Let x = -117 + 122. Let t(j) be the first derivative of j**2 + 10*j - 1. Let p(k) = -5*k - 21. Let m(v) = 3*p(v) + 7*t(v). Give m(x).
2
Let i(y) = 5*y**3 + 3*y**2 + 8*y - 38. Let r(n) = -3*n**3 - 2*n**2 - 5*n + 25. Let p(q) = -5*i(q) - 8*r(q). Determine p(0).
-10
Suppose 0 = -2*m - 2*q + 10, 3*m + 2*m - 2*q = 39. Let x(u) = -u + 7. Let y be x(m). Let r(i) = -6 - 4*i**2 + y + 6*i - 4*i - i**3. What is r(-5)?
9
Let t be (-12)/(-3) - (-2)/(-2). Let n(b) = -b**3 - b**t + 5*b**3 + 1 - b**2. Suppose -5*c + 16 = -5*w - 4, -7 = w - 2*c. What is n(w)?
-3
Let u(d) = 3*d - 6. Let c be u(4). Let z(b) = 1 - 2 - c*b**2 + 5*b**2 - 1 + 6*b. Calculate z(4).
6
Let u(n) = -8 + 9*n**2 - 3*n**3 + n**3 + 3*n**3. Give u(-9).
-8
Suppose -10*s = 25 - 5. Let c(x) = -x**3 + 2*x**2 + 4*x + 3. Calculate c(s).
11
Let g be 6*-1*(-2)/(-4). Let s(c) = 2*c + 4. Determine s(g).
-2
Let r(c) = 4 + c - 1 - 2 - c**2 - 2 - 10*c**3. What is r(1)?
-11
Let c(m) = m - 18. Let y be c(13). Let g(f) = f. What is g(y)?
-5
Let g(b) be the second derivative of b**3/6 - 3*b**2/2 - 20*b. Let q be 4/12*3*3. Suppose x - 4 = -6*r + q*r, 5*r - 10 = -x. Determine g(r).
0
Suppose -4 = -0*y - y. Let k(c) = c**3 - 5*c**2 + 4*c. Determine k(y).
0
Suppose -n = 2 + 1, -l + 9 = -4*n. Let j(g) = g**2 + 5*g + 6. Let x(b) = b**2 + 4*b + 5. Let i(m) = 3*j(m) - 4*x(m). Give i(l).
-8
Let x(n) = n - 2. Let t(f) = 1. Let v(i) = -2*t(i) + x(i). Give v(-4).
-8
Let b(x) = x**2 - 5*x + 1. Suppose -4*o - 5*h = -o - 20, -2*h + 2 = 0. Suppose 0*z + 5*z - 95 = 0. Suppose -3*s - o*i = -z, s + 2*s + 2*i = 13. What is b(s)?
-5
Let m(b) = 10*b - 3. Let d(l) = -19*l + 5. Let r(v) = 4*d(v) + 7*m(v). Calculate r(1).
-7
Let n = 1 - -2. Let w(j) = 0 - 3 + 5*j + 0 - 2*j**2 + n*j**2. Determine w(-5).
-3
Let m(l) = 15*l**3 + 3*l**2 - l - 4. Let u(v) = 15*v**3 + 4*v**2 - v - 5. Let i(b) = -4*m(b) + 3*u(b). What is i(-1)?
15
Suppose -5*z = z - 7*z. Let f(w) = -w**3 + w + 1. What is f(z)?
1
Let q(y) = y**3 + y**2 + 2*y - 2. Let c(r) = -r**2 + 5. Let k be c(-4). Let s = k - -13. Determine q(s).
14
Let k(s) = -s**3 - 6*s**2 + 5*s - 10. Let j be k(-7). Let w = j - 1. Let b(o) = -4*o + 0 - w + 0 + 10*o. What is b(2)?
9
Let m be 12/16 - (-1)/4. Let b(a) = 1 - 1 + 1 - a + 5*a**2. Determine b(m).
5
Let w(f) = 3*f + 3. Suppose 2*q + 3*q - x = 29, 4*q - x = 24. Suppose q*v + 3*a - 33 = 2*a, -4 = 2*a. Let g = 3 - v. Calculate w(g).
-9
Let z = 15 - 5. Suppose -4*f + 2*q + z = 0, 0 = -5*f - 0*q - q - 5. Let y(r) = -r - 5. Give y(f).
-5
Let g(q) = -11*q - 5. Let o(a) = -16*a - 7. Let h(c) = 7*g(c) - 5*o(c). Let x be (-5)/6 - (-5)/(-30). Give h(x).
-3
Let q(n) be the third derivative of -n**5/60 + n**4/3 - 2*n**3/3 - 4*n**2. What is q(7)?
3
Let w(x) be the third derivative of x**5/60 - 5*x**4/24 - 2*x**3/3 - 2*x**2. Suppose 0 = c - 0*c - 5. Give w(c).
-4
Let l(h) = h - 3. Let o(a) = -3. Let i(s) = -3*l(s) + 4*o(s). Suppose -z = -4*d - 12, -d = z - 2*z. What is i(d)?
9
Suppose -4*z + 0 = 16. Let d(t) = 3*t**3 + 7*t**2 - 8*t + 2. Let o(v) = 4*v**3 + 8*v**2 - 9*v + 2. Let s(h) = z*o(h) + 5*d(h). Give s(2).
-2
Let x(b) = -b**3 + b**2 + 3*b - 1. Suppose -2*d - 13 + 5 = 0, 0 = -3*l - d + 2. What is x(l)?
1
Let b(p) = 3*p + 2. Let v be b(-2). Let a(q) = -4*q**3 - 2*q**2 - 3*q + 5. Let h(z) = z**3 - z**2. Let i(t) = -a(t) - 3*h(t). Give i(v).
-1
Let p(d) = -7 + d**3 - d - 5 - 7*d**2 + 13 + 0*d. Give p(7).
-6
Let z = -13 + 10. Let f(m) = -1 + m + 0*m + 4. Give f(z).
0
Let x(z) = -z - 5. Suppose -5*w + 0*w = 2*w. Determine x(w).
-5
Let m(a) be the third derivative of -a**4/24 - a**3/3 + 11*a**2. Calculate m(-5).
3
Let l = -3 - -4. Let u(v) = v**2 + 9*v - 7. Let r be u(-10). Let q(i) = -i + r - 2 + 6*i. Determine q(l).
6
Let m(h) = -h**3 - 5*h**2 - 6*h - 5. Let o(b) = -b**3 - 2*b + 2. Let n(d) = d**3 - 1. Let g(k) = 2*n(k) + o(k). Let u be g(-2). What is m(u)?
3
Suppose 4*t - 48 = -0*t. Let n = t - 14. Let y(r) = -r**3 + 2*r + 3. Give y(n).
7
Let v = -25 + 29. Let u = 3 - v. Let b(w) = -4*w**2 - 2*w - 1. Calculate b(u).
-3
Suppose 2*i = i + 3*d + 17, 26 = 2*i - 4*d. Let v = i - 7. Let h(m) = 4*m + 2. Calculate h(v).
-6
Let n(l) = 5*l**3 - l**2 - l + 4. Let w(k) = 4*k**3 - k + 4. Let i(g) = 3*n(g) - 4*w(g). Let v be ((-2)/(-2))/(7/(-21)). Give i(v).
-7
Let t(i) = i**2 + i - 2. Suppose 0 = b - 4*z + 1, -4*z = -2*z - 2. Let m be (3/(-6))/(b/(-12)). What is t(m)?
4
Let k(m) be the second derivative of -m**7/840 + m**6/72 - m**5/30 + m**4/12 + m**3/3 - 3*m. Let j(a) be the second derivative of k(a). Calculate j(3).
8
Let y(c) be the third derivative of c**6/120 - c**5/20 - 7*c**4/24 + c**3 + 6*c**2. Calculate y(4).
-6
Let v(b) = b**3 - b - 1. Let n(m) = -3*m**3 - 2*m**2 + 6*m + 6. Let i(c) = n(c) + 4*v(c). Let q(y) = -2*y - 24. Let d be q(-13). Calculate i(d).
6
Let t be 2/(-2)*(-75)/(-5). Let r be -1*t/(-12)*4. Let x be 4 + r + (1 - 1). Let v(p) = -6*p - 1. Calculate v(x).
5
Let m be 4/(-18) + 232/72. Let y(l) be the third derivative of l**4/12 - l**2. What is y(m)?
6
Suppose 15*z = 18*z - 87. Suppose 9 = -3*r, -2*r - r - z = 5*w. Let i(o) = o + 2. What is i(w)?
-2
Let f(j) be the second derivative of -j**3/6 - 9*j**2 - 2*j - 1. Calculate f(-9).
-9
Let z(m) = 2*m. Let h be z(2). Suppose -3 = -4*s - x - 0, h*s = -4*x - 12. Suppose 0 = s*t - 3*t. Let u(g) = -g**2 - 1. Calculate u(t).
-1
Let n(h) = -h - 6. Let o be n(-8). Let g(t) = -t + t - 6 - t**o + 7*t. Let j(z) = z**2 - 2*z + 1. Let i be j(3). Give g(i).
6
Let n(u) = 31*u + 1 - u**2 + 30*u - 56*u. What is n(3)?
7
Let c = -199/1020 + 18/85. Let a(p) be the third der